= -4*j - r*j. Calculate the highest common factor of a and 12.
4
Suppose -4*i + 12 = 3*q, 2*i = 6*i - 4*q - 12. Suppose 5*l - i*p - 32 = -4*p, -14 = -4*l + 5*p. What is the highest common divisor of l and 6?
6
Let u be (-1)/3 + 1 - 75/(-9). Suppose 3*p + 13 = 3*y - 2, -4*y - 2*p + 2 = 0. Let n = y + u. Calculate the greatest common factor of n and 44.
11
Let d be 4 + -3 + (-66)/2. Let c be (-6)/9 + d/(-12). What is the greatest common divisor of c and 2?
2
Suppose -8*j = 3*j - 1331. Let v(d) = 12*d - 1. Let b be v(1). Calculate the highest common divisor of j and b.
11
Let o(j) = 2*j - 21. Let p be o(15). Let b be 3/p - (-15)/9. Suppose -2*u - b = -14. What is the highest common factor of u and 6?
6
Let p(h) = 5*h**2 + 3. Let b be p(5). Suppose 21 = n + g, 0*n + 69 = 4*n + g. Calculate the greatest common divisor of n and b.
16
Suppose 5*l + 2*a - 26 = 0, 0 = -0*l - l - a + 4. Suppose 12 + l = 3*c. Calculate the greatest common divisor of c and 54.
6
Let c(a) = -a + 83. Let t be c(11). Calculate the greatest common factor of 27 and t.
9
Let c(k) = 31*k**2 + 28*k + 7. Let l be c(-2). Calculate the highest common factor of l and 39.
3
Let s = -47 - -17. Let l = s - -118. Calculate the highest common divisor of l and 11.
11
Suppose -37 = -2*z + 3. Let s = 6 + z. What is the greatest common factor of 65 and s?
13
Suppose -406 = -32*m + 4714. Calculate the highest common divisor of m and 30.
10
Suppose 4*r + 4*x + 4 = 0, 2*r + 0*r - 18 = 2*x. Suppose -3*n + 6 = -3*f, -5*n + 19 = 4*f - 0. Calculate the greatest common factor of r and f.
1
Let t(m) = 38*m - 2. Let f be t(7). Suppose 0 = 5*w + 11 - 26. Let h be (4/(-5))/(w/(-90)). What is the greatest common divisor of h and f?
24
Let k(g) = 10*g**2 + 4*g - 3. Let i be k(2). Suppose -4*t - f - i = 23, 2*f + 82 = -5*t. Let y = 23 + t. Calculate the highest common factor of 25 and y.
5
Let u be 4/14*546/78. What is the greatest common divisor of u and 62?
2
Suppose -5*w - 340 = 5*p, -3*p - 2*w - 184 = -3*w. Let g = -62 - p. Calculate the highest common divisor of 9 and g.
1
Suppose -11*b - 120 = -16*b. Calculate the highest common divisor of b and 12.
12
Suppose 8*s - 149 - 163 = 0. Suppose 3*a - 2*h = -h + s, 2*a = 5*h + 39. Calculate the greatest common factor of a and 60.
12
Let r(b) = 213*b + 3. Let v be r(1). Let o(h) = 5*h + 2. Let c be o(5). Calculate the greatest common factor of c and v.
27
Let s be (2 + -3)/(1/(-132)). Let o = 1868 - 1846. Calculate the greatest common factor of s and o.
22
Let r be 1 + 0 + 3*11. Let u = -12 - -16. Suppose -5*a - u*k + 69 = 0, -k - 89 = -5*a - 0*k. Calculate the greatest common divisor of r and a.
17
Let c be -1 - 5/10*46. Let q = 33 + c. Calculate the highest common divisor of q and 63.
9
Let n = 19 - 7. Let x be 63 + 12 + -4 + -4. Let o = -64 + x. Calculate the greatest common factor of o and n.
3
Let h = -304 + 309. Calculate the greatest common divisor of h and 75.
5
Suppose -5*o + 983 = 4*f, f - 3*o - 390 = -140. Calculate the greatest common factor of 26 and f.
13
Let c be (-4)/(-26) + (-150)/(-39). Suppose 0*t - c*h = -3*t + 615, t = -3*h + 218. Calculate the highest common factor of t and 19.
19
Let d be (13 - 3) + -16 - -94. Calculate the highest common divisor of d and 88.
88
Let f = 2591 - 1631. What is the highest common divisor of f and 60?
60
Let f(j) = -j**3 + 27*j**2 + 32*j - 52. Let l be f(28). What is the highest common factor of 60 and l?
60
Let u = 468 + -460. What is the greatest common divisor of u and 144?
8
Let y = 619 + -503. What is the greatest common divisor of 87 and y?
29
Let c = 4 + -16. Let f be 2/(-6) - 172/c. Let q be -3 + (2520/25 - 2/(-10)). What is the greatest common factor of q and f?
14
Let q(m) = -7 + 3 - 7*m + 2 - 9*m. Let p be q(-2). Suppose -11 = -5*u - v + 9, -5 = 4*u + 5*v. Calculate the highest common divisor of p and u.
5
Let j be 15/10 - 1 - (-517)/22. Suppose 5*m = -3*l + 35, 34 - 9 = 5*l. Calculate the greatest common divisor of j and m.
4
Let z = 2 + 7. Let p(h) = -h + 4. Let n be p(-3). Let t = 2 + n. What is the greatest common divisor of z and t?
9
Suppose 0 = -5*l + 2*l + 15. Let i = -38 - -42. Suppose 4*h = -3*p + 44 + i, 2*p + 37 = l*h. What is the greatest common divisor of h and 99?
9
Let u(r) = 2*r**2 - 3*r - 14. Let v be u(-3). Let p(b) = 6*b - 58. Let d be p(14). What is the greatest common divisor of v and d?
13
Let p = -2792 + 2928. Let h = -6 - -23. What is the highest common divisor of h and p?
17
Let t be ((-16)/5)/(2/80). Let b = -77 - t. Let w = 15 - -2. Calculate the highest common divisor of w and b.
17
Let u(d) be the second derivative of d**4/6 + 13*d**3/6 + 3*d**2 - 10*d. Let g be u(-7). What is the greatest common divisor of 26 and g?
13
Let d = -63 - -103. Let r(l) = 106*l + 0 - 8*l + 2. Let q be r(1). What is the greatest common factor of q and d?
20
Let c = 1721 - 1607. Calculate the highest common factor of c and 38.
38
Let a be (-48)/(-12) - 2*1. Suppose -4*z + a = 2*h, 0 = 3*z - 0*z. Let p be 1 + 0/h + 12. What is the greatest common divisor of 13 and p?
13
Let a be (-2)/(-7) - 2/7. Suppose -4*w + a*w = -600. Suppose -119*p = -13*p - 6360. What is the greatest common factor of p and w?
30
Let r = 128 + -107. Suppose 1 = -g - 3. Let y = g + 11. Calculate the greatest common factor of r and y.
7
Suppose 0 = v - 5, -4*i - 2*v + 31 = v. Suppose -3*w + 12 = -j, 0 = w - j + 2*j - i. Suppose 2*x - 40 = -x - x. Calculate the highest common factor of x and w.
2
Suppose 5*r = m - 19, 4*r = -3*m - 0*m + 19. Suppose -59 = -5*g - m. Calculate the greatest common divisor of g and 80.
10
Suppose -33*g - 212 = -36*g - 5*t, -t = -5*g + 316. What is the greatest common factor of 8 and g?
8
Let i(f) = f**3 - 37*f**2 + 38*f + 69. Let x be i(36). Calculate the highest common divisor of 188 and x.
47
Let j be 2/(-18)*2 + (-512)/(-36). What is the greatest common factor of 1701 and j?
7
Suppose 3*j + 5*p = -j + 4867, 0 = 2*j + 3*p - 2433. What is the greatest common divisor of 84 and j?
42
Let q be (72/(-20))/(12/(-40)). Suppose -2*m = u - 171, 0 = 5*m + u - 0*u - 423. What is the highest common divisor of m and q?
12
Let j = 583 + -569. What is the greatest common factor of j and 133?
7
Let j = -139 - -201. Suppose 12 = -4*x, -1 = -4*g + 3*x - 44. Let h = j + g. Calculate the highest common factor of 7 and h.
7
Let g(t) = 3*t**2 + 65*t + 79. Let k be g(-21). Let d be (-2)/((-2)/407 + 0). What is the greatest common divisor of d and k?
37
Let d(w) be the third derivative of 7*w**6/120 + w**5/30 - w**4/24 - 7*w**2. Let s = 0 + 1. Let k be d(s). Calculate the greatest common factor of 56 and k.
8
Suppose -17*j + 2*h - 912 = -19*j, 5*j + 4*h - 2276 = 0. Calculate the greatest common divisor of j and 4.
4
Suppose 10*g = 15*g - 390. Let p = g + -68. What is the highest common factor of p and 2?
2
Suppose 2*z = 6 + 10. Let m be ((-10)/(-6))/((-278)/72 - -4). Calculate the greatest common divisor of z and m.
4
Let d be 4/12 + (-368)/(-3). Suppose -4*y + d = -y. Suppose -2*j + 113 = y. What is the greatest common divisor of j and 24?
12
Suppose 2*a - 2 = 2. Suppose -17*d - 10 = -22*d. Calculate the highest common divisor of a and d.
2
Let x be (-4)/(-14) + (-316)/28. Let t(b) = b**3 + 12*b**2 + 10*b + 13. Let w be t(x). What is the greatest common divisor of w and 8?
8
Suppose 6 = -3*v + 5*v. Let u be 39 + ((-4)/(-2) - v). Suppose -39 = -7*t + u. What is the greatest common divisor of 22 and t?
11
Suppose -m - 6 = 2*m, -9 = u + 5*m. Suppose -6*d + 44 = -2*d. Calculate the highest common divisor of d and u.
1
Let s = -3 + 23. Let c(u) = -2*u**2 + 8*u + 14. Let z be c(-7). Let t be ((-4)/10)/(7/z). What is the greatest common factor of t and s?
4
Let u be (-7)/7 - -184 - -1. What is the highest common factor of 138 and u?
46
Let a(j) = 36*j + 112. Let k be a(-3). Calculate the greatest common factor of k and 46.
2
Suppose -2*n - 70 = -7*n. Suppose -135 = 3*p + 6*p. Let d = p - -71. What is the highest common divisor of d and n?
14
Let k(a) = a**2 - 16*a - 1303. Let x be k(-29). Let p = 1 + 13. What is the highest common factor of x and p?
2
Let w be -4 - (-7 - (4 + -3)). Let h be (12/30)/(w/140). Calculate the highest common divisor of h and 70.
14
Let v(h) = h + h**2 + 5 - 7*h + 0. Let p be v(-5). Let y(t)